{"id":11,"date":"2026-03-18T09:30:14","date_gmt":"2026-03-18T09:30:14","guid":{"rendered":"https:\/\/www.easysail.fr\/site\/?page_id=11"},"modified":"2026-03-18T12:14:48","modified_gmt":"2026-03-18T12:14:48","slug":"histoire-voile-easy-sail","status":"publish","type":"page","link":"https:\/\/www.easysail.fr\/site\/histoire-voile-easy-sail\/","title":{"rendered":"L&#8217;histoire de la voile d&#8217;ombrage Easy Sail"},"content":{"rendered":"<div class=\"bloc_hdp \" >\n<div class=\"inner\">\n<h1>La petite histoire de la voile Easy Sail<\/h1>\n<\/div>\n<\/div>\n<div id=\"bloc_1\" class=\"bloc_para\">\n<div class=\"inner ptl pbl\">\n<div class=\"grid-1-small-1\">\n<div class=\"para para_1\">\n<p><strong>Comment avons-nous eu l&rsquo;id\u00e9e d&rsquo;Easy Sail ?<\/strong> C&rsquo;est une question que vous nous posez r\u00e9guli\u00e8rement !<\/p>\n<p>Nous n&rsquo;avons pas invent\u00e9 le principe de la voile d&rsquo;ombrage qui existait d\u00e9j\u00e0 \u00e0 l&rsquo;antiquit\u00e9. Mais un jour, nous nous sommes rendu compte que les voiles d&rsquo;ombrage propos\u00e9es \u00e0 la vente comportaient des d\u00e9fauts importants qui en compliquaient l\u2019usage ou emp\u00eachaient d\u2019obtenir le rendu esth\u00e9tique souhait\u00e9 : elles se d\u00e9formaient avec le temps, finissant par pendouiller et battre au vent. Difficiles \u00e0 tendre, elles n\u2019avaient pas vraiment fi\u00e8re allure une fois mises en place.\u00a0D&rsquo;autres \u00e9taient d&rsquo;une complexit\u00e9 d\u00e9courageante pour leur installation.<\/p>\n<p>Nous nous sommes alors demand\u00e9 si nous pouvions changer les choses&#8230;<\/p>\n<h2>Une histoire qui commence il y a fort longtemps&#8230;<\/h2>\n<p>Tout d&rsquo;abord, il faut savoir que les voiles d&rsquo;ombrage sont presque aussi anciennes que l&rsquo;homme a voulu se prot\u00e9ger du soleil. D\u00e8s\u00a0l&rsquo;antiquit\u00e9, les civilisations \u00e9gyptiennes, grecques puis romaines am\u00e9nageaient des surfaces ombrag\u00e9es\u00a0\u00e0 l&rsquo;aide de\u00a0toiles tendues.<\/p>\n<p><a href=\"https:\/\/www.easysail.fr\/site\/wp-content\/uploads\/velum-colisee-rome.jpg\"><img loading=\"lazy\" decoding=\"async\" class=\"alignnone size-full wp-image-184\" src=\"data:image\/svg+xml,%3Csvg%20xmlns='http:\/\/www.w3.org\/2000\/svg'%20viewBox='0%200%20650%20356'%3E%3C\/svg%3E\" alt=\"\" width=\"650\" height=\"356\" data-lazy-srcset=\"https:\/\/www.easysail.fr\/site\/wp-content\/uploads\/velum-colisee-rome.jpg 650w, https:\/\/www.easysail.fr\/site\/wp-content\/uploads\/velum-colisee-rome-300x164.jpg 300w\" data-lazy-sizes=\"(max-width: 650px) 100vw, 650px\" data-lazy-src=\"https:\/\/www.easysail.fr\/site\/wp-content\/uploads\/velum-colisee-rome.jpg\" \/><noscript><img loading=\"lazy\" decoding=\"async\" class=\"alignnone size-full wp-image-184\" src=\"https:\/\/www.easysail.fr\/site\/wp-content\/uploads\/velum-colisee-rome.jpg\" alt=\"\" width=\"650\" height=\"356\" srcset=\"https:\/\/www.easysail.fr\/site\/wp-content\/uploads\/velum-colisee-rome.jpg 650w, https:\/\/www.easysail.fr\/site\/wp-content\/uploads\/velum-colisee-rome-300x164.jpg 300w\" sizes=\"(max-width: 650px) 100vw, 650px\" \/><\/noscript><\/a><\/p>\n<p>Encore aujourd&rsquo;hui, nous avons\u00a0les traces d&rsquo;une grande toile tendue au dessus du Colis\u00e9e de Rome : le velum ! Teint\u00e9es de couleurs vives, il parcourait le pourtour du Colis\u00e9e et abritait les spectateurs des rayons du soleil.<\/p>\n<p>Ses couleurs donnaient des reflets magnifiques teint\u00e9s de jaune, rouge et vert sur les toges\u00a0blanches du public et sur les gradins, cr\u00e9ant ainsi une ambiance feutr\u00e9e dans tout le Colis\u00e9e.<\/p>\n<h2>Notre id\u00e9e est partie d\u2019un constat simple&#8230;<\/h2>\n<p>Nous avons remarqu\u00e9 \u00e0 quel point il peut \u00eatre compliqu\u00e9 d&rsquo;<a href=\"https:\/\/www.easysail.fr\/site\/installation-entretien-voile-ombrage\/\">installer correctement une voile d&rsquo;ombrage<\/a>. Nous avons ainsi eu l&rsquo;id\u00e9e de cr\u00e9er une voile de qualit\u00e9, d\u00e9finitivement plus abordable que dans le domaine du sur-mesure, facile \u00e0 installer et belle \u00e0 regarder.<\/p>\n<p><img loading=\"lazy\" decoding=\"async\" class=\"alignnone size-large wp-image-145\" src=\"data:image\/svg+xml,%3Csvg%20xmlns='http:\/\/www.w3.org\/2000\/svg'%20viewBox='0%200%20750%20500'%3E%3C\/svg%3E\" alt=\"\" width=\"750\" height=\"500\" data-lazy-srcset=\"https:\/\/www.easysail.fr\/site\/wp-content\/uploads\/croquis-voile-ombrage-1024x683.jpg 1024w, https:\/\/www.easysail.fr\/site\/wp-content\/uploads\/croquis-voile-ombrage-300x200.jpg 300w\" data-lazy-sizes=\"(max-width: 750px) 100vw, 750px\" data-lazy-src=\"https:\/\/www.easysail.fr\/site\/wp-content\/uploads\/croquis-voile-ombrage-1024x683.jpg\" \/><noscript><img loading=\"lazy\" decoding=\"async\" class=\"alignnone size-large wp-image-145\" src=\"https:\/\/www.easysail.fr\/site\/wp-content\/uploads\/croquis-voile-ombrage-1024x683.jpg\" alt=\"\" width=\"750\" height=\"500\" srcset=\"https:\/\/www.easysail.fr\/site\/wp-content\/uploads\/croquis-voile-ombrage-1024x683.jpg 1024w, https:\/\/www.easysail.fr\/site\/wp-content\/uploads\/croquis-voile-ombrage-300x200.jpg 300w\" sizes=\"(max-width: 750px) 100vw, 750px\" \/><\/noscript><\/p>\n<p>C&rsquo;est plein d&rsquo;entrain que nous avons commenc\u00e9 \u00e0 rechercher un mat\u00e9riau r\u00e9pondant \u00e0 ces diff\u00e9rentes sp\u00e9cificit\u00e9s et dot\u00e9 de qualit\u00e9s esth\u00e9tiques uniques. Nous avons r\u00e9alis\u00e9 plusieurs prototypes. Certains n&rsquo;apportaient pas d&rsquo;am\u00e9liorations esth\u00e9tiques par rapport aux voiles d&rsquo;ombrage d\u00e9j\u00e0 existantes. Nous n&rsquo;\u00e9tions pas satisfaits des voiles\u00a0qui finissaient\u00a0par se d\u00e9former, se d\u00e9tendre et pendouiller. D&rsquo;autres prototypes \u00e9taient trop compliqu\u00e9s \u00e0 poser et d\u00e9monter.<\/p>\n<p>Nous avons pers\u00e9v\u00e9r\u00e9\u00a0dans nos efforts, convaincus\u00a0qu&rsquo;il \u00e9tait possible de proposer une voile plus belle et <a href=\"https:\/\/www.easysail.fr\/site\/temps-installation-voile-ombrage\/\">plus facile \u00e0 poser<\/a> que les autres voiles du march\u00e9. Et enfin, nous avons fini par trouver le tissu technique parfait :\u00a0le polyester extensible !<\/p>\n<h2>Un mat\u00e9riau unique pour une voile d&rsquo;ombrage<\/h2>\n<p>Remarquable dans ce domaine d\u2019application, le <a href=\"https:\/\/www.easysail.fr\/site\/matiere-easy-sail\/\">polyester extensible<\/a>\u00a0pr\u00e9sente de nombreux avantages. L\u2019\u00e9lasticit\u00e9 du tissu lui permet de b\u00e9n\u00e9ficier d\u2019une tension parfaite quelle que soit la configuration tout en limitant les contraintes de traction sur les points d\u2019ancrage. De plus, le tissu propose une excellente protection contre les UV : entre 95% et 97% du rayonnement est filtr\u00e9. Et surtout, cela permet de rendre la <a href=\"https:\/\/www.easysail.fr\/\">voile d&rsquo;ombrage<\/a>\u00a0plus r\u00e9sistante au vent !<\/p>\n<p>Puis, afin que la voile Easy Sail dure dans le temps, nous lui avons apport\u00e9 de nombreux traitements techniques. Nous l&rsquo;avons notamment rendue <a href=\"https:\/\/www.easysail.fr\/site\/voile-ombrage-impermeable\/\">imputrescible et d\u00e9perlante<\/a>. Cerise sur le g\u00e2teau, la voile peut passer \u00e0 la machine \u00e0 laver\u00a0!<\/p>\n<p>Ensuite, nous avons ajout\u00e9 les coutures et les ourlets ainsi qu&rsquo;un\u00a0\u00e9lastique suppl\u00e9mentaire dans ces derniers, renfor\u00e7ant ainsi l&rsquo;\u00e9lasticit\u00e9 de la voile dans ses moindres recoins.<\/p>\n<h2>Puis\u00a0nous avons pens\u00e9\u00a0\u00e0 un syst\u00e8me simple pour installer la voile<\/h2>\n<p>Depuis le d\u00e9part, nous souhaitions une voile qui s&rsquo;installe tr\u00e8s facilement et n&rsquo;importe o\u00f9. Le tissu \u00e9lastique de la voile offre d\u00e9j\u00e0 une r\u00e9elle souplesse et minimise les efforts pour tendre proprement la toile. Nous avons eu l&rsquo;id\u00e9e d&rsquo;ajouter des pinces et des clams de mises en tension \u00e0 chaque pointe de la voile. Cela permet ainsi de tendre facilement la voile pour lui offrir <a href=\"https:\/\/www.easysail.fr\/site\/deco-de-jardin\/\">un superbe rendu\u00a0esth\u00e9tique<\/a>. Aucun outil n&rsquo;est n\u00e9cessaire pour la mise en place !<\/p>\n<p>\u00c0 ce moment-l\u00e0, nous avions alors la certitude d&rsquo;avoir cr\u00e9\u00e9 la voile d&rsquo;ombrage standard parfaite !<\/p>\n<p><img loading=\"lazy\" decoding=\"async\" class=\"aligncenter size-large wp-image-361\" src=\"data:image\/svg+xml,%3Csvg%20xmlns='http:\/\/www.w3.org\/2000\/svg'%20viewBox='0%200%20750%20422'%3E%3C\/svg%3E\" alt=\"\" width=\"750\" height=\"422\" data-lazy-srcset=\"https:\/\/www.easysail.fr\/site\/wp-content\/uploads\/voile-easy-sail-1024x576.jpg 1024w, https:\/\/www.easysail.fr\/site\/wp-content\/uploads\/voile-easy-sail-300x169.jpg 300w\" data-lazy-sizes=\"(max-width: 750px) 100vw, 750px\" data-lazy-src=\"https:\/\/www.easysail.fr\/site\/wp-content\/uploads\/voile-easy-sail-1024x576.jpg\" \/><noscript><img loading=\"lazy\" decoding=\"async\" class=\"aligncenter size-large wp-image-361\" src=\"https:\/\/www.easysail.fr\/site\/wp-content\/uploads\/voile-easy-sail-1024x576.jpg\" alt=\"\" width=\"750\" height=\"422\" srcset=\"https:\/\/www.easysail.fr\/site\/wp-content\/uploads\/voile-easy-sail-1024x576.jpg 1024w, https:\/\/www.easysail.fr\/site\/wp-content\/uploads\/voile-easy-sail-300x169.jpg 300w\" sizes=\"(max-width: 750px) 100vw, 750px\" \/><\/noscript><\/p>\n<h2>Et aujourd&rsquo;hui ?<\/h2>\n<p>La commercialisation du produit s&rsquo;est tr\u00e8s bien d\u00e9roul\u00e9e. La presse fran\u00e7aise n&rsquo;a pas tard\u00e9 \u00e0 s&rsquo;int\u00e9resser \u00e0 notre voile d&rsquo;ombrage innovante, soulignant\u00a0\u00e0 plusieurs reprises ses qualit\u00e9s uniques et son <a href=\"https:\/\/www.easysail.fr\/site\/voile-ombrage-made-in-france\/\">origine 100% fran\u00e7aise<\/a>.<\/p>\n<p>Aujourd&rsquo;hui, pour mon \u00e9quipe et moi, c&rsquo;est toujours une petite fiert\u00e9 de rencontrer une voile Easy Sail au d\u00e9tour d&rsquo;un restaurant en bord de mer, d&rsquo;un jardin d&rsquo;\u00e9t\u00e9 en famille ou d&rsquo;une terrasse lors d&rsquo;un ap\u00e9ritif entre amis&#8230;<\/p>\n<p>N&rsquo;h\u00e9sitez pas\u00a0\u00e0 nous envoyer vos photos et nous montrer comment vous avez install\u00e9 votre voile et l&rsquo;avez associ\u00e9e pour cr\u00e9er une d\u00e9coration unique dans votre espace ext\u00e9rieur.<\/p>\n<p>\u00c0 tr\u00e8s bient\u00f4t \ud83d\ude09<\/p>\n<p>&nbsp;<\/p>\n<p>Justine<\/p>\n<p><img loading=\"lazy\" decoding=\"async\" class=\"alignnone wp-image-144 size-full\" src=\"data:image\/svg+xml,%3Csvg%20xmlns='http:\/\/www.w3.org\/2000\/svg'%20viewBox='0%200%201001%20667'%3E%3C\/svg%3E\" alt=\"\" width=\"1001\" height=\"667\" data-lazy-srcset=\"https:\/\/www.easysail.fr\/site\/wp-content\/uploads\/designeuse.jpg 1001w, https:\/\/www.easysail.fr\/site\/wp-content\/uploads\/designeuse-300x200.jpg 300w\" data-lazy-sizes=\"(max-width: 1001px) 100vw, 1001px\" data-lazy-src=\"https:\/\/www.easysail.fr\/site\/wp-content\/uploads\/designeuse.jpg\" \/><noscript><img loading=\"lazy\" decoding=\"async\" class=\"alignnone wp-image-144 size-full\" src=\"https:\/\/www.easysail.fr\/site\/wp-content\/uploads\/designeuse.jpg\" alt=\"\" width=\"1001\" height=\"667\" srcset=\"https:\/\/www.easysail.fr\/site\/wp-content\/uploads\/designeuse.jpg 1001w, https:\/\/www.easysail.fr\/site\/wp-content\/uploads\/designeuse-300x200.jpg 300w\" sizes=\"(max-width: 1001px) 100vw, 1001px\" \/><\/noscript><\/p>\n<\/div>\n<\/div>\n<\/div>\n<\/div>\n","protected":false},"excerpt":{"rendered":"<p>La petite histoire de la voile Easy Sail Comment avons-nous eu l&rsquo;id\u00e9e d&rsquo;Easy Sail ? C&rsquo;est une question que vous&#8230;<\/p>\n","protected":false},"author":0,"featured_media":184,"parent":0,"menu_order":0,"comment_status":"closed","ping_status":"closed","template":"","meta":{"footnotes":""},"_links":{"self":[{"href":"https:\/\/www.easysail.fr\/site\/wp-json\/wp\/v2\/pages\/11"}],"collection":[{"href":"https:\/\/www.easysail.fr\/site\/wp-json\/wp\/v2\/pages"}],"about":[{"href":"https:\/\/www.easysail.fr\/site\/wp-json\/wp\/v2\/types\/page"}],"replies":[{"embeddable":true,"href":"https:\/\/www.easysail.fr\/site\/wp-json\/wp\/v2\/comments?post=11"}],"version-history":[{"count":0,"href":"https:\/\/www.easysail.fr\/site\/wp-json\/wp\/v2\/pages\/11\/revisions"}],"wp:featuredmedia":[{"embeddable":true,"href":"https:\/\/www.easysail.fr\/site\/wp-json\/"}],"wp:attachment":[{"href":"https:\/\/www.easysail.fr\/site\/wp-json\/wp\/v2\/media?parent=11"}],"curies":[{"name":"wp","href":"https:\/\/api.w.org\/{rel}","templated":true}]}}