{"id":10,"date":"2026-03-18T09:30:14","date_gmt":"2026-03-18T09:30:14","guid":{"rendered":"https:\/\/www.easysail.fr\/site\/?page_id=10"},"modified":"2026-03-18T09:30:14","modified_gmt":"2026-03-18T09:30:14","slug":"guide-voile-ombrage","status":"publish","type":"page","link":"https:\/\/www.easysail.fr\/site\/guide-voile-ombrage\/","title":{"rendered":"Le guide de la voile d&#8217;ombrage"},"content":{"rendered":"<div class=\"bloc_hdp \" >\n<div class=\"inner\">\n<h1>Le guide de la voile d&#8217;ombrage<\/h1>\n<p class=\"sstitre emphase\">Tout ce que vous avez toujours voulu savoir sur la voile d&#8217;ombrage<\/p>\n<\/div>\n<\/div>\n<div id=\"bloc_1\" class=\"bloc_para\">\n<div class=\"inner ptl pbl\">\n<div class=\"grid-1-small-1\">\n<div class=\"para para_1\">\n<p>Vous avez le projet de vous<strong> \u00e9quiper d&rsquo;une voile d&rsquo;ombrage<\/strong> mais avez encore quelques h\u00e9sitations ? Ou alors, vous recherchez simplement quelques <strong>informations sur les toiles d&rsquo;ombrage<\/strong> ? Suivez\u00a0notre guide !<\/p>\n<p>\u00c0 travers quatre rubriques, nous vous guidons \u00e0 chaque \u00e9tape de votre achat, du <strong>choix de la voile d&rsquo;ombrage<\/strong> \u00e0 son <strong>installation<\/strong>, en passant par des <strong>conseils d&rsquo;utilisation<\/strong> et des <strong>id\u00e9es d\u00e9coratives<\/strong> !<\/p>\n<p>&nbsp;<\/p>\n<p class=\"txtcenter\"><a class=\"bouton\" href=\"https:\/\/www.easysail.fr\/12-toutes-nos-voiles-d-ombrage\">D\u00e9couvrir nos voiles d&rsquo;ombrage<\/a><\/p>\n<\/div>\n<\/div>\n<\/div>\n<\/div>\n<div id=\"bloc_2\" class=\"bloc_para\">\n<div class=\"inner ptl pbl\">\n<div class=\"grid-2-small-1\">\n<div class=\"para para_1\">\n<p><a href=\"https:\/\/www.easysail.fr\/site\/comment-choisir-sa-voile-dombrage\"><img loading=\"lazy\" decoding=\"async\" class=\"alignnone size-full wp-image-232\" src=\"data:image\/svg+xml,%3Csvg%20xmlns='http:\/\/www.w3.org\/2000\/svg'%20viewBox='0%200%20750%20500'%3E%3C\/svg%3E\" alt=\"\" width=\"750\" height=\"500\" data-lazy-src=\"https:\/\/www.easysail.fr\/site\/wp-content\/uploads\/choisir-voile-ombrage_guide.jpg\" \/><noscript><img loading=\"lazy\" decoding=\"async\" class=\"alignnone size-full wp-image-232\" src=\"https:\/\/www.easysail.fr\/site\/wp-content\/uploads\/choisir-voile-ombrage_guide.jpg\" alt=\"\" width=\"750\" height=\"500\" \/><\/noscript><\/a><\/p>\n<h2>Choisir sa voile d&rsquo;ombrage<\/h2>\n<p>D\u00e9couvrez notre <strong><a href=\"https:\/\/www.easysail.fr\/site\/comment-choisir-sa-voile-dombrage\">Guide Complet pour bien choisir votre voile d&rsquo;ombrage<\/a>.<\/strong><\/p>\n<p>Et aussi nos astuces et conseils pour vous aider \u00e0 prendre votre d\u00e9cision et <strong>choisir\u00a0la voile d&rsquo;ombrage<\/strong> vraiment adapt\u00e9e \u00e0 votre maison et \u00e0 vos besoins.<\/p>\n<p><strong>Nos conseils :<\/strong><\/p>\n<p><a href=\"https:\/\/www.easysail.fr\/site\/choisir-voile-ombrage\/\">3 bonnes raisons de choisir une voile d\u2019ombrage cet \u00e9t\u00e9 !<\/a><\/p>\n<p><a href=\"https:\/\/www.easysail.fr\/site\/forme-voile-ombrage\/\">Triangle, rectangle, carr\u00e9 : quelle forme de voile d\u2019ombrage choisir ?<\/a><\/p>\n<p><a href=\"https:\/\/www.easysail.fr\/site\/alternative-parasol\/\">La voile d\u2019ombrage, v\u00e9ritable alternative au parasol<\/a><\/p>\n<p><a href=\"https:\/\/www.easysail.fr\/site\/qu-est-ce-qu-une-voile-ombrage\/\">Qu\u2019est-ce qu\u2019une voile d\u2019ombrage ?\u00a0<\/a><\/p>\n<p><a href=\"https:\/\/www.easysail.fr\/site\/couleur-voile-ombrage\">Comment choisir la couleur d\u2019une voile d\u2019ombrage ?<\/a><\/p>\n<p><a href=\"https:\/\/www.easysail.fr\/site\/matiere-easy-sail\">De quelle mati\u00e8re est constitu\u00e9e la voile d&rsquo;ombrage Easy Sail ?<\/a><\/p>\n<p class=\"gauche\"><a href=\"https:\/\/www.easysail.fr\/site\/pergola-ou-voile-ombrage\">Pergola ou voile d&rsquo;ombrage : vers quelle solution d\u2019ombrage s\u2019orienter ?<\/a><\/p>\n<p><a href=\"https:\/\/www.easysail.fr\/site\/voile-dombrage-store-banne\/\">Voile d\u2019ombrage ou store banne : faites le bon choix !<\/a><\/p>\n<p><a href=\"https:\/\/www.easysail.fr\/site\/tonnelle-voile-ombrage\/\"><span style=\"font-weight: 400;\">La tonnelle voile d\u2019ombrage, l\u2019atout d\u00e9co et design de votre terrasse<\/span><\/a><\/p>\n<p><a href=\"https:\/\/www.easysail.fr\/site\/prix-voile-dombrage\/\">Quel est le prix d\u2019une voile d\u2019ombrage ?<\/a><\/p>\n<\/div>\n<div class=\"para para_2\">\n<p><a href=\"https:\/\/www.easysail.fr\/site\/comment-installer-une-voile-dombrage\/\"><img loading=\"lazy\" decoding=\"async\" class=\"alignnone size-full wp-image-234\" src=\"data:image\/svg+xml,%3Csvg%20xmlns='http:\/\/www.w3.org\/2000\/svg'%20viewBox='0%200%20750%20500'%3E%3C\/svg%3E\" alt=\"\" width=\"750\" height=\"500\" data-lazy-src=\"https:\/\/www.easysail.fr\/site\/wp-content\/uploads\/installer-voile-ombrage_guide.jpg\" \/><noscript><img loading=\"lazy\" decoding=\"async\" class=\"alignnone size-full wp-image-234\" src=\"https:\/\/www.easysail.fr\/site\/wp-content\/uploads\/installer-voile-ombrage_guide.jpg\" alt=\"\" width=\"750\" height=\"500\" \/><\/noscript><\/a><\/p>\n<h2>Installer\u00a0sa voile d&rsquo;ombrage<\/h2>\n<p>D\u00e9couvrez notre <a href=\"https:\/\/www.easysail.fr\/site\/comment-installer-une-voile-dombrage\/\"><strong>Guide complet sur l&rsquo;installation d&rsquo;une voile d&rsquo;ombrage.<\/strong><\/a><\/p>\n<p>Suivez nos recommandations quant \u00e0 la <strong>bonne installation de votre toile d&rsquo;ombrage\u00a0<\/strong>dans votre jardin ou sur votre terrasse !<\/p>\n<p><strong>Nos conseils :<\/strong><\/p>\n<p><a href=\"https:\/\/www.easysail.fr\/site\/montage-voile-ombrage\/\">Montage d\u2019une voile d\u2019ombrage : comment \u00e7a marche ?<\/a><\/p>\n<p><a href=\"https:\/\/www.easysail.fr\/site\/fixer-voile-ombrage\/\">Sur quoi peut-on fixer une voile d\u2019ombrage ?<\/a><\/p>\n<p><a href=\"https:\/\/www.easysail.fr\/site\/httpwww-easysail-frsitetemps-installation-voile-ombrage\/\">Quel est le temps d\u2019installation d\u2019une voile d\u2019ombrage ?<\/a><\/p>\n<p><a href=\"https:\/\/www.easysail.fr\/site\/ou-installer-voile-ombrage\/\">O\u00f9 installer sa voile d\u2019ombrage chez soi ?<\/a><\/p>\n<p><a href=\"https:\/\/www.easysail.fr\/site\/voile-ombrage-pour-balcon\/\">Ombre et fra\u00eecheur avec la voile d\u2019ombrage pour balcon<\/a><\/p>\n<p><a href=\"https:\/\/www.easysail.fr\/site\/installer-voile-ombrage-soi-meme\/\"><span style=\"font-weight: 400;\">Installer sa voile d\u2019ombrage soi-m\u00eame, c\u2019est possible ?<\/span><\/a><\/p>\n<p><a href=\"https:\/\/www.easysail.fr\/site\/voile-ombrage-bordures-arrondies\/\">Pourquoi la voile d\u2019ombrage a-t-elle des bordures arrondies ?<\/a><\/p>\n<p><a href=\"https:\/\/www.easysail.fr\/site\/accessoires-voile-ombrage\">Quels accessoires de voile d\u2019ombrage permettent de l&rsquo;installer ?<\/a><\/p>\n<p><a href=\"https:\/\/www.easysail.fr\/site\/mats-voile-ombrage\"><span style=\"font-weight: 400;\">Avec les m\u00e2ts pour voile d&rsquo;ombrage, fixez votre toile ais\u00e9ment !<\/span><\/a><\/p>\n<p>&nbsp;<\/p>\n<\/div>\n<div class=\"para para_3\">\n<p><img loading=\"lazy\" decoding=\"async\" class=\"alignnone size-full wp-image-235\" src=\"data:image\/svg+xml,%3Csvg%20xmlns='http:\/\/www.w3.org\/2000\/svg'%20viewBox='0%200%20750%20500'%3E%3C\/svg%3E\" alt=\"\" width=\"750\" height=\"500\" data-lazy-src=\"https:\/\/www.easysail.fr\/site\/wp-content\/uploads\/utiliser-voile-ombrage_guide.jpg\" \/><noscript><img loading=\"lazy\" decoding=\"async\" class=\"alignnone size-full wp-image-235\" src=\"https:\/\/www.easysail.fr\/site\/wp-content\/uploads\/utiliser-voile-ombrage_guide.jpg\" alt=\"\" width=\"750\" height=\"500\" \/><\/noscript><\/p>\n<h2>Utiliser\u00a0sa voile d&rsquo;ombrage<\/h2>\n<p>Les <strong>utilisations d&rsquo;une voile d&rsquo;ombrage<\/strong> sont multiples. Laissez-vous inspirer par nos id\u00e9es et suivez nos conseils d&rsquo;utilisation et d&rsquo;entretien !<\/p>\n<p><strong>Nos conseils :<\/strong><\/p>\n<p><a href=\"https:\/\/www.easysail.fr\/site\/entretien-voile-ombrage\/\">5 conseils pour l\u2019entretien d\u2019une voile d\u2019ombrage<\/a><\/p>\n<p><a href=\"https:\/\/www.easysail.fr\/site\/resistance-au-vent-voile-dombrage\/\">Quelle est la r\u00e9sistance au vent d\u2019une voile d\u2019ombrage ?<\/a><\/p>\n<p><a href=\"https:\/\/www.easysail.fr\/site\/voile-ombrage-potager\/\">Une voile d\u2019ombrage dans votre potager pour prot\u00e9ger les l\u00e9gumes du soleil<\/a><\/p>\n<p><a href=\"https:\/\/www.easysail.fr\/site\/voile-ombrage-deperlante\/\">Easy Sail, la voile d\u2019ombrage d\u00e9perlante<\/a><\/p>\n<p><a href=\"https:\/\/www.easysail.fr\/site\/taille-voile-ombrage\/\">Quelle taille de voile d&rsquo;ombrage privil\u00e9gier chez soi ?<\/a><\/p>\n<p><a href=\"https:\/\/www.easysail.fr\/site\/bons-moments-voile-ombrage\/\">Top 5 des bons moments pass\u00e9s sous une voile d\u2019ombrage<\/a><\/p>\n<p><a href=\"https:\/\/www.easysail.fr\/site\/voile-dombrage-mariage\/\">Une voile d&rsquo;ombrage pour un mariage en plein air !<\/a><\/p>\n<p><a href=\"https:\/\/www.easysail.fr\/site\/voile-ombrage-toute-annee\/\">Une voile d\u2019ombrage toute l\u2019ann\u00e9e dans le jardin, c\u2019est possible ?<\/a><\/p>\n<\/div>\n<div class=\"para para_4\">\n<p><img loading=\"lazy\" decoding=\"async\" class=\"alignnone size-full wp-image-233\" src=\"data:image\/svg+xml,%3Csvg%20xmlns='http:\/\/www.w3.org\/2000\/svg'%20viewBox='0%200%20750%20500'%3E%3C\/svg%3E\" alt=\"\" width=\"750\" height=\"500\" data-lazy-src=\"https:\/\/www.easysail.fr\/site\/wp-content\/uploads\/decorer-maison-voile-ombrage_guide.jpg\" \/><noscript><img loading=\"lazy\" decoding=\"async\" class=\"alignnone size-full wp-image-233\" src=\"https:\/\/www.easysail.fr\/site\/wp-content\/uploads\/decorer-maison-voile-ombrage_guide.jpg\" alt=\"\" width=\"750\" height=\"500\" \/><\/noscript><\/p>\n<h2>D\u00e9corer\u00a0sa maison avec une voile d&rsquo;ombrage<\/h2>\n<p>Bien plus qu&rsquo;un simple objet utilitaire, la voile d&rsquo;ombrage dispose <strong>d&rsquo;atouts esth\u00e9tiques certains<\/strong> ! Mettez de la couleur dans votre jardin, en toute \u00e9l\u00e9gance !<\/p>\n<p><strong>Nos conseils :<\/strong><\/p>\n<p><a href=\"https:\/\/www.easysail.fr\/site\/voile-dombrage-terrasse\/\">Avec la voile d\u2019ombrage, donnez un coup de jeune \u00e0 votre terrasse<\/a><\/p>\n<p><a href=\"https:\/\/www.easysail.fr\/site\/deco-de-jardin\/\">D\u00e9co de jardin : mettez de la couleur avec une voile d\u2019ombrage !<\/a><\/p>\n<p><a href=\"https:\/\/www.easysail.fr\/site\/voile-ombrage-piscine\/\">Voile d\u2019ombrage pour piscine : enfin de l\u2019ombre au bord de l\u2019eau !<\/a><\/p>\n<p class=\"gauche\"><a href=\"https:\/\/www.easysail.fr\/site\/voile-ombrage-petit-jardin\/\">Un petit jardin \u00e0 l\u2019ombre et \u00e9l\u00e9gant avec la voile d\u2019ombrage !<\/a><\/p>\n<p><a href=\"https:\/\/www.easysail.fr\/site\/emplacement-voile-ombrage\/\">10 id\u00e9es inspirantes pour l&#8217;emplacement de votre voile d&rsquo;ombrage<\/a>!<\/p>\n<p><a href=\"https:\/\/www.easysail.fr\/site\/photos-voile-ombrage\"><span style=\"font-weight: 400;\">Quelques photos des voiles d\u2019ombrage Easy Sail<\/span><\/a><\/p>\n<p>&nbsp;<\/p>\n<p>&nbsp;<\/p>\n<\/div>\n<\/div>\n<\/div>\n<\/div>\n<div id=\"bloc_3\" class=\"bloc_para\">\n<div class=\"inner ptl pbl\">\n<div class=\"grid-1-small-1\">\n<div class=\"para para_1\">\n<style>#secondary{display:none}#main{width:100%}<\/style>\n<\/div>\n<\/div>\n<\/div>\n<\/div>\n","protected":false},"excerpt":{"rendered":"<p>Le guide de la voile d&#8217;ombrage Tout ce que vous avez toujours voulu savoir sur la voile d&#8217;ombrage Vous avez&#8230;<\/p>\n","protected":false},"author":0,"featured_media":0,"parent":0,"menu_order":0,"comment_status":"closed","ping_status":"closed","template":"","meta":{"footnotes":""},"_links":{"self":[{"href":"https:\/\/www.easysail.fr\/site\/wp-json\/wp\/v2\/pages\/10"}],"collection":[{"href":"https:\/\/www.easysail.fr\/site\/wp-json\/wp\/v2\/pages"}],"about":[{"href":"https:\/\/www.easysail.fr\/site\/wp-json\/wp\/v2\/types\/page"}],"replies":[{"embeddable":true,"href":"https:\/\/www.easysail.fr\/site\/wp-json\/wp\/v2\/comments?post=10"}],"version-history":[{"count":0,"href":"https:\/\/www.easysail.fr\/site\/wp-json\/wp\/v2\/pages\/10\/revisions"}],"wp:attachment":[{"href":"https:\/\/www.easysail.fr\/site\/wp-json\/wp\/v2\/media?parent=10"}],"curies":[{"name":"wp","href":"https:\/\/api.w.org\/{rel}","templated":true}]}}